568390 a multiple of 126?
False
Does 14 divide 12232?
False
Is 1227862 a multiple of 106?
False
Is 1122778 a multiple of 510?
False
Does 17 divide 8302?
False
Is 1219122 a multiple of 10?
False
Does 22 divide 113388?
True
Does 15 divide 327105?
True
Does 88 divide 1477312?
False
Is 219931 a multiple of 457?
False
Does 123 divide 1174404?
True
Does 164 divide 291264?
True
Is 3 a factor of 25619?
False
Does 16 divide 93573?
False
Does 6 divide 15480?
True
Does 540 divide 5540297?
False
Is 18 a factor of 26524545?
False
Does 13 divide 308665?
False
Does 15 divide 228855?
True
Does 177 divide 5571429?
True
Is 6 a factor of 1105615?
False
Is 126 a factor of 1212477?
False
Is 2836238 a multiple of 20?
False
Does 32 divide 285883?
False
Is 90 a factor of 6358770?
True
Is 382 a factor of 2309145?
False
Does 38 divide 660136?
True
Does 51 divide 5685916?
False
Does 17 divide 394137?
False
Does 4 divide 89880?
True
Is 23351 a multiple of 19?
True
Is 175 a factor of 917973?
False
Does 85 divide 1347760?
True
Is 106 a factor of 4912464?
True
Does 106 divide 38372?
True
Does 677 divide 13308466?
True
Is 34182 a multiple of 162?
True
Is 2701952 a multiple of 16?
True
Does 13 divide 724513?
False
Is 42 a factor of 2092603?
False
Is 20351501 a multiple of 188?
False
Does 63 divide 144207?
True
Is 30 a factor of 802992?
False
Is 24000 a multiple of 150?
True
Is 146764 a multiple of 110?
False
Is 21028 a multiple of 13?
False
Is 37676 a multiple of 43?
False
Is 42 a factor of 386442?
True
Does 298 divide 1041510?
True
Is 7 a factor of 1448181?
True
Is 12 a factor of 331236?
True
Is 274 a factor of 428830?
False
Is 675 a factor of 3556575?
True
Is 10301343 a multiple of 179?
False
Does 9 divide 247464?
True
Is 5816 a multiple of 19?
False
Does 191 divide 183498?
False
Does 73 divide 276351?
False
Does 214 divide 11218346?
False
Does 4 divide 45032?
True
Is 12963 a multiple of 31?
False
Does 8 divide 26936?
True
Is 18260200 a multiple of 14?
True
Is 517931 a multiple of 23?
False
Is 763632 a multiple of 303?
False
Is 47 a factor of 1461982?
True
Is 61 a factor of 339953?
True
Is 1736 a factor of 22153096?
True
Does 16 divide 360599?
False
Does 15 divide 12956?
False
Is 463111 a multiple of 222?
False
Is 1411 a factor of 20626605?
False
Is 2820608 a multiple of 56?
True
Does 650 divide 3472950?
True
Is 658 a factor of 1637104?
True
Is 59 a factor of 183608?
True
Is 5 a factor of 8740?
True
Is 583 a factor of 5286797?
False
Is 21 a factor of 68922?
True
Does 18 divide 260334?
True
Does 170 divide 11730?
True
Is 14961 a multiple of 43?
False
Does 74 divide 1900616?
True
Is 6590112 a multiple of 635?
False
Does 10 divide 187073?
False
Is 202968 a multiple of 9?
True
Does 10 divide 829584?
False
Is 107 a factor of 7811?
True
Is 32079 a multiple of 28?
False
Is 11 a factor of 15988?
False
Is 114 a factor of 505200?
False
Does 6 divide 94562?
False
Does 11 divide 39534?
True
Does 45 divide 2383603?
False
Is 44 a factor of 1628675?
False
Does 5 divide 67335?
True
Is 224 a factor of 1714272?
True
Does 19 divide 1087199?
True
Does 19 divide 27151?
True
Is 29 a factor of 9007695?
False
Does 49 divide 1693701?
False
Is 6158283 a multiple of 4?
False
Does 3 divide 357493?
False
Is 2 a factor of 921817?
False
Is 269 a factor of 4351613?
True
Is 25818 a multiple of 32?
False
Is 90016 a multiple of 116?
True
Is 252 a factor of 96768?
True
Does 127 divide 273566?
False
Is 40 a factor of 122772?
False
Is 182 a factor of 1906223?
False
Does 388 divide 413640?
False
Is 1680624 a multiple of 44?
True
Does 102 divide 1465?
False
Is 349 a factor of 9291776?
True
Is 192 a factor of 302299?
False
Is 83248 a multiple of 9?
False
Does 61 divide 399358?
False
Does 48 divide 889056?
True
Is 148091 a multiple of 50?
False
Is 58 a factor of 18076004?
False
Is 68 a factor of 6226384?
False
Does 78 divide 179928?
False
Does 29 divide 971616?
True
Is 106 a factor of 53025?
False
Is 239524 a multiple of 466?
True
Does 16 divide 257392?
True
Is 117 a factor of 606339?
False
Is 2457 a multiple of 5?
False
Is 14 a factor of 1770528?
False
Is 120 a factor of 4332608?
False
Is 136692 a multiple of 482?
False
Is 151 a factor of 52689?
False
Is 160957 a multiple of 8?
False
Is 17 a factor of 333438?
True
Is 29 a factor of 5186276?
False
Is 94 a factor of 5014089?
False
Is 234118 a multiple of 90?
False
Is 373428 a multiple of 123?
True
Does 104 divide 47240?
False
Is 26 a factor of 37596?
True
Does 5 divide 51267?
False
Is 47 a factor of 128250?
False
Is 586 a factor of 2246724?
True
Does 71 divide 15174712?
False
Is 91 a factor of 235508?
True
Is 13 a factor of 107991?
True
Is 451681 a multiple of 2?
False
Is 47 a factor of 17167787?
False
Is 76160 a multiple of 34?
True
Is 7 a factor of 869?
False
Is 1969025 a multiple of 25?
True
Does 212 divide 2957641?
False
Is 200 a factor of 99000?
True
Is 30680 a multiple of 236?
True
Is 1759704 a multiple of 76?
True
Does 45 divide 355725?
True
Is 106185 a multiple of 5?
True
Is 23 a factor of 1898436?
False
Is 130226 a multiple of 121?
False
Does 2 divide 164720?
True
Does 98 divide 7266693?
False
Is 138 a factor of 4278?
True
Is 499420 a multiple of 129?
False
Does 9 divide 12422736?
True
Is 8503020 a multiple of 194?
True
Is 100 a factor of 6604100?
True
Is 61 a factor of 171262?
False
Is 205 a factor of 13232750?
True
Is 46 a factor of 4416?
True
Does 526 divide 282193?
False
Is 77 a factor of 19401?
False
Is 292479 a multiple of 34?
False
Is 127072 a multiple of 722?
True
Is 966 a factor of 3729185?
False
Is 28 a factor of 1269159?
False
Is 66501 a multiple of 9?
True
Is 1010814 a multiple of 317?
False
Does 157 divide 212735?
True
Is 3670345 a multiple of 87?
False
Is 141975 a multiple of 24?
False
Is 1065 a factor of 11996160?
True
Does 409 divide 60123?
True
Is 107589 a multiple of 71?
False
Does 13 divide 58149?
True
Is 515 a factor of 1446306?
False
Does 8 divide 25506?
False
Is 1627696 a multiple of 3?
False
Is 2 a factor of 62704?
True
Is 12 a factor of 48612?
True
Does 50 divide 1536900?
True
Does 27 divide 124254?
True
Does 52 divide 135623?
False
Is 1459447 a multiple of 93?
False
Is 303 a factor of 313302?
True
Does 84 divide 1063944?
True
Is 239 a factor of 234188?
False
Does 6 divide 21664?
False
Is 10 a factor of 246992?
False
Is 817 a factor of 2384006?
True
Is 72 a factor of 1060200?
True
Does 40 divide 12431128?
False
Is 254 a factor of 916479?
False
Is 8 a factor of 675990?
False
Is 274834 a multiple of 5?
False
Is 71 a factor of 108630?
True
Is 20 a factor of 1455591?
False
Is 15 a factor of 610890?
True
Is 1746252 a multiple of 444?
True
Is 672015 a multiple of 71?
True
Does 68 divide 71465?
False
Does 7 divide 81012?
False
Is 25 a factor of 16700?
True
Does 50 divide 7210500?
True
Is 19 a factor of 204839?
True
Does 21 divide 79716?
True
Does 10 divide 610414?
False
Is 520 a factor of 508544?
False
Is 732984 a multiple of 170?
False
Is 108 a factor of 107851?
False
Is 34356 a multiple of 12?
True
Is 465240 a multiple of 82?
False
Is 253908 a multiple of 439?
False
Does 327 divide 2579049?
True
Is 13 a factor of 60082?
False
Is 4 a factor of 19428?
True
Is 950 a factor of 4801300?
True
Is 360 a factor of 177480?
True
Is 259160 a multiple of 220?
True
Is 322100 a multiple of 10?
True
Does 31 divide 337435?
True
Is 44 a factor of 21189?
False
Is 341 a factor of 690866?
True
Is 8 a factor of 10205948?
False
Is 7 a factor of 51925?
False
Is 6461370 a multiple of 10?
True
Is 69201 a multiple of 9?
True
Is 59 a factor of 1537411?
False
Does 20 divide 5900?
True
Is 487388 a multiple of 58?
False
Is 106 a factor of 503146?
False
Does 380 divide 1931540?
True
Does 14 divide 79841?
False
Does 553 divide 226431?
False
Does 12 divide 14323344?
True
Is 20780 a multiple of 2?
True
Is 37410 a multiple of 86?
True
Is 350 a factor of 871757?
False
Is 41660 a multiple of 9?
False
Is 220 a factor of 174460?
True
Is 13742678 a multiple of 2458?
True
Is 95 a factor of 103550?
True
Does 2 divide 26034?
True
Is 3103086 a multiple of 16?
False
Is 461 a factor of 1162399?
False
Is 983 a factor of 635848?
False
Is 1043994 a multiple of 469?
True
Is 17080411 a multiple of 1457?
True
Is 2072771 a multiple of 433?
True
Does 4 divide 147032?
True
Is 1926905 a mu